m + 5. Let x be l(3). Let d be (x + 3)*12/45*-3. Let q(w) = -3*w + 8*w - w**2 + 2*w**2. What is q(d)?
-4
Let x(u) = u**2 + 11*u + 13*u + 8 - 6*u + 0*u + 20*u**3. Let l(b) = 7*b**3 + 6*b + 3. Let k(j) = -17*l(j) + 6*x(j). Determine k(-5).
-8
Let j(h) = 2*h**3 - 7*h**2 + 8. Let z be j(3). Let b(u) = 2*u**2 - 4*u + 7. Let q(v) = v**2 - v + 1. Let s(o) = z*b(o) + 3*q(o). Give s(-5).
16
Let b(g) = -3*g**2 + 11*g + 8. Let f be b(-1). Let j(l) be the second derivative of -l**4/12 - 5*l**3/3 - 3*l**2/2 - 2*l. Give j(f).
21
Let n(d) = -7*d**2 + 6*d + 10. Let v(f) = 6*f**2 - 5*f - 9. Let i(h) = 2*h**2 - 9*h + 9. Let p be i(4). Let g(q) = p*n(q) + 6*v(q). Calculate g(-3).
5
Let i(x) = 2*x - x**2 - 3 - x - 2*x - 5*x + 4*x. Calculate i(0).
-3
Let r(s) be the second derivative of s**3/6 + 3*s**2/2 + 14*s. Give r(3).
6
Let t(w) be the second derivative of 0 - 1/20*w**5 + 7/2*w**2 + 6*w + 4/3*w**3 - 5/12*w**4. Determine t(-6).
-5
Suppose 32*g = -186 - 102. Let h(p) = p - 5. Give h(g).
-14
Let l(d) be the first derivative of d**2/2 + 9*d + 2. Let f be l(-7). Let r(o) = -11*o**2 - 2*o**3 + 13*o**f + o**3. Give r(2).
0
Let m(w) = -11*w**3 - w**2 - 2*w - 1. Let n(b) = 13*b + 2*b - 14 - 5*b + 13*b**2 + b**3 + 1. Let t be n(-12). Suppose 2*h - t = -13. Calculate m(h).
11
Let l be 4/22 + 62/22. Let h(z) be the second derivative of z**6/720 - z**5/30 + z**4/12 - z. Let g(o) be the third derivative of h(o). What is g(l)?
-1
Let j(g) = -2*g + 9. Let x be j(7). Let m(f) = -7*f**2 - 4*f - 5. Let d(a) = -3*a**2 - 2*a - 2. Let z(c) = x*d(c) + 2*m(c). What is z(2)?
8
Let l(u) = -2*u. Suppose -2*a = 3 + 5. Let m(r) be the second derivative of r**4/12 + r**3 + 3*r**2 - 249*r. Let j be m(a). Give l(j).
4
Suppose 9*r - 4 = 10*r. Let b(j) be the third derivative of -2*j**2 + 1/8*j**4 + 5/6*j**3 + 0 + 0*j + 1/60*j**5. What is b(r)?
9
Let v(k) = -k**2 + 3*k - 4. Let j(n) = n**2 - 18*n + 30. Let d be j(16). Let q(l) = -3*l - 3. Let a be q(d). Calculate v(a).
-4
Let a = 2006 + -2007. Let x(w) = -w - 3 + 3. Give x(a).
1
Let j(h) = -h**2 + 5*h - 5. Let l = -8 - -12. Let g be j(l). Let z(c) = 1. Let w(t) = t**2 - 5*t - 5. Let k(u) = g*w(u) - 6*z(u). Calculate k(4).
3
Let z(g) = -3*g**2 + g + 1. Let r(q) = q**2 - q - 16. Let l be r(-4). Calculate z(l).
-43
Let x(u) be the first derivative of u**4/4 - 10*u**3/3 + 9*u**2/2 - u - 6. What is x(9)?
-1
Let f(w) = -4*w**3 - w**2. Let z be f(-1). Let d(s) = -1 + 4*s**z + 4*s**2 - 3*s**3 - 2*s**2 + 3*s**3. Suppose g + 0 - 1 = 0. Calculate d(g).
5
Let s(x) be the third derivative of -x**6/120 - x**4/12 + x**3/6 + 2*x**2. Let l = 41 + -41. Suppose -4*i + 36 - 32 = l. What is s(i)?
-2
Let n(f) = 3*f. Suppose 5*z = 3*l + 12 + 3, -3*z = -3*l - 9. Suppose z*m = -9, -5*y + 3*m + 32 = 4*m. Determine n(y).
21
Let d = -31 + 34. Suppose n - 1 = -3*x - 9, -3*x - 12 = d*n. Let y(i) = -i**3 - i**2 - i - 2. What is y(x)?
4
Let h(t) = -t. Let o(p) = -p**2 - 9*p - 2. Let j(z) = 4*h(z) - o(z). Let v = -11 + 15. Suppose v*x - 9*x + 3*r = 18, 0 = -x - 2*r - 1. Give j(x).
-4
Let k(y) = -5*y - 45 + 43 - 4*y. What is k(1)?
-11
Let a be (18 - 30/5)*4/3. Suppose 12 = -a*z + 12*z. Let s(v) = v**2 + 3*v - 1. What is s(z)?
-1
Let d(f) be the second derivative of 0 - 11*f - 1/12*f**4 + 1/6*f**3 + 2/5*f**5 + 0*f**2. Let w(y) = y**3 - y**2 - y - 1. Let i be w(2). What is d(i)?
8
Let c(o) = o**3 - 2*o + 1. Let z be c(2). Let w(f) = 48*f - 22*f - f**3 - 20*f + 4*f**2 - 3 + 2. Calculate w(z).
4
Let t(q) = -10*q**2 - 3*q - 1. Let s be t(-1). Let p(y) = y**2 + 14*y - 7. Let h(b) = -b**2 - 15*b + 8. Let o(z) = -6*h(z) - 7*p(z). Give o(s).
1
Let u(r) = -13*r**3 + 10*r**2 - 19*r + 7. Let g(n) = 10*n - 4 + 0 - 5*n**2 + 31*n**3 - 24*n**3. Let h(d) = 11*g(d) + 6*u(d). What is h(4)?
-2
Let t(z) = -z + 7*z**2 + 3*z - 6*z**2. Let w be 8/6*-6 - 4. Let r be ((-3)/w)/(4/(-16)). Determine t(r).
-1
Suppose -2*f - 28 = 4*a, -22 = 5*a - 4*f + 39. Let z(s) be the second derivative of -s**4/12 - 5*s**3/3 - 3*s**2/2 + 1146*s. Give z(a).
6
Suppose 88*v - 95*v + 7 = 0. Let c be (-1 + 11)/(3 + -1). Let z(f) = 6*f**2 + 2*f - v + 3*f**3 - 4*f**3 + c. What is z(6)?
16
Let j(b) = -b**2 - 8*b - 11. Let x be j(-5). Let f = x - 2. Let t(k) = -2*k + 1. Give t(f).
-3
Suppose -g + 70 = -2*h + 20, -4*g + 191 = h. Let k(v) = -50*v + v**2 + 102*v - 2 - g*v. Determine k(-4).
-2
Let s(j) = -j**3 - 4*j**2 - 3. Let h(k) = 2*k + 1. Let x be h(2). Suppose -5*t - 20 = -x. Give s(t).
-12
Let g(n) = -n - 3. Let k(b) = -14*b + 20. Let v(s) = 8*g(s) - k(s). Calculate v(8).
4
Let n(o) be the second derivative of o**3/6 + 9*o**2/2 - 196*o. Determine n(-3).
6
Let t(r) be the first derivative of 7*r**4/12 + 7*r - 7. Let g(z) be the first derivative of t(z). Let q(o) = o**3 - 2*o**2 + 1. Let u be q(2). Calculate g(u).
7
Let w(f) be the first derivative of -f**2/2 + f + 248. What is w(5)?
-4
Let q(o) be the first derivative of -3*o**2 + o**2 - o**2 + 35 - 26. Calculate q(-1).
6
Let f(n) be the second derivative of -n**5/20 - 2*n**4/3 + 10*n**3/3 - 7*n**2/2 - 2*n + 149. What is f(-10)?
-7
Let i(x) = 24*x - 18 - 32 - 50*x + 30*x. Give i(12).
-2
Let f(b) be the second derivative of 1/2*b**3 + 0 - 2*b - b**2. Let r(u) = u**3 + 3*u**2 + 2. Let l be r(-3). Determine f(l).
4
Let x(s) = s. Let a be x(-3). Let b(j) be the third derivative of -3*j**2 + 0 - 1/2*j**3 + 1/20*j**5 + 0*j + 1/8*j**4. What is b(a)?
15
Let s(t) be the first derivative of t**3/3 - t**2/2 - 7*t + 2. Let c be 144/(-10) - 16/(-40). Let l = c - -14. Determine s(l).
-7
Let i(c) = -2*c**3 + 6*c**2 + 11*c. Let p(k) = -k**3 - k**2 + k. Let f = 56 + -53. Let o(v) = f*p(v) - i(v). Calculate o(-8).
0
Let t(y) = 21*y - 40. Let b(h) = -17*h + 40. Let p(j) = -6*b(j) - 5*t(j). Calculate p(-13).
-1
Let w(t) = t**3 + 5*t**2 - 8*t - 8. Let z be w(-6). Let a(g) = -2 - 12*g**2 + 5 + 8*g**2 - 2. Let h(u) = 8*u**2 - 2. Let l(r) = z*h(r) + 9*a(r). Determine l(1).
-3
Let d be 2/(((-6)/(-22))/3). Suppose d*h = 27*h. Let i(q) = q**2 - q + 3. What is i(h)?
3
Suppose 7*t = 2*t - 5*n + 60, 0 = -t + 2*n + 3. Let f(m) = m**2 - 9*m. Determine f(t).
0
Let p = -1609 - -1598. Let s(c) = -c**3 - 10*c**2 + 7*c - 7. Give s(p).
37
Let f(b) = b**2 + 11*b + 26. Let t be f(-9). Let w(o) be the first derivative of -o**2/2 + 11*o + 4. Determine w(t).
3
Let j = -115 - -138. Suppose 5*v + s = -j, 0*v - 2*v = 3*s + 4. Let d(l) = l + 8. Determine d(v).
3
Let w(f) = -f**3 + 2*f. Suppose 3*u - 2*n + 122 = 0, 2*n + 3*n = 5*u + 210. Let c = -40 - u. Calculate w(c).
4
Let l(u) = u**2 - 16*u + 21. Let q = 93 - 78. Let m be l(q). Let c(g) = g**2 - 9*g + 2. Give c(m).
-16
Let s(p) = -9*p + 2. Let g(l) = 4*l - 1. Let w(i) = 7*g(i) + 3*s(i). Let u(n) = n + 3. Let q(x) = -u(x) - 2*w(x). What is q(2)?
-7
Let r(d) be the second derivative of d**3/6 + 2*d**2 + 2*d. Suppose 3*o = 8*o. Suppose -2*n = -2*j - 8, 5*j + o*n = n - 24. Calculate r(j).
-1
Let h = -23 - -29. Let l = -7 + h. Let s(g) be the first derivative of 2*g**4 - g**3/3 + g**2/2 + g + 1. Give s(l).
-9
Let u(w) be the second derivative of -w**4/12 + 3*w**3/2 - 5*w**2 + w. Let n = -31 - -64. Suppose -2*r + 12 = -k, 5*r = -2*k + n + 6. Calculate u(r).
4
Let j(z) = 5*z**3 + 23*z**2 - 23*z - 6. Let f(s) = 2*s**3 + 11*s**2 - 11*s - 3. Let m(h) = 7*f(h) - 3*j(h). Give m(7).
-10
Let f(p) = -p**3 + 2*p**2 + 2*p - 8. Let a = 404 - 401. Determine f(a).
-11
Let s(m) = -m**2 - m + 10. Suppose 7*k = 31 - 80. Give s(k).
-32
Let f(c) = c**3 - 6*c**2 + 8*c + 7. Let y be f(3). Let w(b) = b - 9. Determine w(y).
-5
Suppose -u = 3*o + 29, -2*o = -0*o + 5*u + 41. Let c(t) = t**3 + 8*t**2 + 8*t - 2. Calculate c(o).
-66
Suppose 19 + 21 = 4*l. Suppose 3*q + c - 26 = 5*c, -5*q - 4*c = l. Let z(x) = -3*x**q + 10*x**2 - 3*x**2 - x. Calculate z(1).
3
Let h be -6*(-3)/(-9)*26. Let i = h - -54. Let q(c) = 5*c. Determine q(i).
10
Let y(q) = -9*q**3 + q**2 + 2*q + 1. Let b(s) = 2*s**2 + 83*s + 40. Let p be b(-41). Calculate y(p).
9
Let t(o) = -3*o - 1. Let m be (-1*(3 - 0))/((-54)/252). Suppose -13 = -m*g + 29. Determine t(g).
-10
Let o = 1972 + -1971. Let i(r) = 32*r**3 + 2*r - 1. Give i(o).
33
Let q(f) = -2*f + 23. Suppose -8 = -5*b + 57. Calculate q(b).
-3
Let h(n) be the first derivative of 0*n**2 + 0*n**4 + 0*n + 1/180*n**6 + 3 + 1/3*n**3 + 1/30*n**5. Let g(t) be the third derivative of h